tors of r.
2, 839
Let a be 72/3 + (4/(-2) - -3). Let l = 513 + 327. Suppose a*p - 28*p = -l. List the prime factors of p.
2, 5, 7
Let s(i) = 44*i**3 - 2*i - 3. Let j be s(-1). What are the prime factors of (-10)/j + ((-31985)/9)/(-5)?
3, 79
Suppose -279328 = -95*o + 67*o. List the prime factors of o.
2, 29, 43
Let w(a) = -8*a - 6 + 1 + 13 + 8. Let f be w(5). List the prime factors of 32/f + (-247)/(-3).
3
Let f = 26456 + -17216. List the prime factors of f.
2, 3, 5, 7, 11
Let l be (-18)/5*(-5)/(-3). Let b(w) be the first derivative of 4*w**3/3 + 2*w**2 - 14*w - 3. What are the prime factors of b(l)?
2, 53
Suppose -267*u = -225*u - 332934. What are the prime factors of u?
7927
Suppose 220*z - 224*z - x = -5654, 3*x = 18. What are the prime factors of z?
2, 353
Suppose 0 = 202*y + 103536 - 2544302. What are the prime factors of y?
43, 281
What are the prime factors of 3/4 - 8585373/(-724)?
3, 59, 67
Let n = -392 - -119. What are the prime factors of (1 + n)/(11/(-11))?
2, 17
Let f(n) = 12*n + 25 + 16*n**2 - 6*n**3 + 6*n**3 - n**3 + 4*n. Let l be f(17). Suppose 0 = -l*y + 7*y + 59. What are the prime factors of y?
59
Suppose 5*u + 24 = -u. Let a be (-18)/u*(-50)/15. Let i = 7 - a. List the prime factors of i.
2, 11
Suppose -105 = 6*q - 5*q. Suppose -4*h - 5*v + 912 = 0, -h = -6*v + 11*v - 213. Let m = h + q. List the prime factors of m.
2
List the prime factors of (12 + -7)*(5949 - -10).
5, 59, 101
Suppose -17190 = -28*u - 4170. Let f = -248 + u. List the prime factors of f.
7, 31
Let v = 138 - -49. Let d = -126 + v. List the prime factors of d.
61
Suppose -288*k + 298*k - 240 = 0. Let q(m) = 10*m + 116. What are the prime factors of q(k)?
2, 89
Let h(r) = r - 11. Let f be h(14). Let a(l) = 6*l - 3*l - f*l + 28 + 3*l. What are the prime factors of a(8)?
2, 13
Let p = -12856 + 22083. List the prime factors of p.
9227
Let o = -57 + 163. Let a be o*1*(6/4)/3. Suppose -2*w = -a + 21. List the prime factors of w.
2
Let w(i) = i + 18. Let r be w(-8). Suppose -l + r = 4. Let j = 23 - l. What are the prime factors of j?
17
Let c be (-2 + 0)/(6/(-15)). Let g(n) = 2*n + 19. Let p be g(-8). Suppose c*x = p*y + 82 + 31, 0 = -2*x + 4*y + 34. What are the prime factors of x?
5
Suppose 5*d + 953*m - 949*m = 224728, 2*m - 179792 = -4*d. What are the prime factors of d?
2, 3, 1873
Let x = -140 - -140. Suppose x = 12*j - 14*j + 4*m + 1140, -3*m - 1707 = -3*j. What are the prime factors of j?
2, 71
Let h(b) = 0 + 1 + 28*b + 3 + 28. List the prime factors of h(13).
2, 3, 11
Let f(r) = 192*r**2 + 59*r - 261. What are the prime factors of f(10)?
59, 331
Suppose -2*o - 2 = -5*a + 3, 0 = -3*a - 4*o + 29. Suppose -3*c = -2*u + 215 + 218, c = -a*u + 644. List the prime factors of u.
5, 43
Suppose 0 = 5*z + 3 - 413. Suppose -8*s = -6*s - z. Let a = 89 - s. What are the prime factors of a?
2, 3
Let t(n) = -78*n**3 - 3*n**2 + 6*n - 10. Let q(x) = 79*x**3 + 3*x**2 - 6*x + 13. Let v(k) = -3*q(k) - 4*t(k). List the prime factors of v(2).
601
Let i(z) = -2*z + 48. Suppose 2*j + 30 = n - 2*j, 2*n - 54 = 5*j. Suppose -g = -y - n, 4*g + 3*y = 2 + 72. What are the prime factors of i(g)?
2
Suppose 3244*v = 3208*v + 113472. What are the prime factors of v?
2, 197
Suppose 6 = -z, -38*d = -42*d - 5*z + 45762. What are the prime factors of d?
2, 3, 53
What are the prime factors of (-721)/2884 + (54022/8 - 2/4)?
2, 211
Suppose 12*u = 8*u + 56. Suppose p + p - r = u, -4*p + 5*r = -40. Suppose 3*g = -k + 50, 0*k - p*k + 231 = -4*g. What are the prime factors of k?
47
Let l = 411 + -411. Suppose l = 9*u - 275 - 4126. What are the prime factors of u?
3, 163
List the prime factors of (-285)/228*(-1 - -249)*(-1698)/15.
2, 31, 283
Let o(z) = -685*z - 446. List the prime factors of o(-17).
3, 3733
Suppose 2*n = -5*c + 1, 2*c - 5 = 2*n + 1. Let u(v) be the first derivative of 23*v**3/3 + 3*v**2/2 + 3*v + 1. List the prime factors of u(n).
89
Let s(r) = 2*r**3 + 14*r**2 - 3*r - 29. Let q be s(-7). Let f(k) = k**2 - 14*k - 17. What are the prime factors of f(q)?
3, 53
Let t = 12699 - -51032. List the prime factors of t.
101, 631
Let r(y) = -2*y**2 + 31*y - 12. Let j be r(15). Suppose 0 = j*c + 5*k - 123, 2*c = -0*c - 4*k + 84. Suppose 16 = z - c. What are the prime factors of z?
2, 13
Let r = 17822 + -13000. List the prime factors of r.
2, 2411
Suppose r - 26 = 5*s, -4*r - 2*s = -5*s - 19. List the prime factors of (6 - r - 4)*1399.
1399
Suppose -2*h - 5*a + 1877 = 0, 19*h - a = 18*h + 956. List the prime factors of h.
3, 317
Suppose -234 = -3*m + m. Suppose 2*l - 3 = 3*w + 161, 0 = w + l + 63. Let t = m + w. List the prime factors of t.
59
Suppose 3*y - 16*c + 24 = -13*c, 5*y + 24 = c. Let j(q) = -81*q - 6. What are the prime factors of j(y)?
2, 3, 53
Suppose 0 = 2271*l - 2279*l + 39616. What are the prime factors of l?
2, 619
Suppose -7*k - 4*r = -12*k + 9, 0 = 3*r - 12. Suppose z = t - 275, -k*z + 10 - 30 = 0. What are the prime factors of t?
271
Suppose -18 = -3*s + 6. Suppose 0 = -82*t + 26*t + 463 + 265. Suppose -197 = -4*g - 5*j, s*j = -2*g + t*j + 91. What are the prime factors of g?
2, 3
Let n(v) = v - 26. Let m be n(6). Let o be 87 - -1 - (m - -19). Suppose -3*q + 123 - 9 = 2*x, -2*q = -3*x - o. List the prime factors of q.
2, 5
Let v(s) be the first derivative of 4*s**3/3 - 11*s**2/2 - 60*s - 100. What are the prime factors of v(-11)?
5, 109
Let c = 67 - 64. Suppose -c*t + 75 = -2*j - 3*j, -j - 5*t - 15 = 0. What are the prime factors of j - -150 - (1 + 2)?
2, 3, 11
Let v(n) = -n**3 + 5*n**2 - 6*n + 2. Let d = -71 - -74. Let g be v(d). List the prime factors of g/(8/644) + -3.
2, 79
Suppose x + x - 4 = 0. Suppose x*i + 0*i = 3580. Suppose -5*q + 15*q = i. List the prime factors of q.
179
Suppose 2*h + 4*x + 13 = -7, -25 = h + 5*x. Suppose h = -34*m - 8*m + 1554. What are the prime factors of m?
37
What are the prime factors of ((437140/(-15))/11)/(2/(-6))?
2, 1987
List the prime factors of (1779*20/(-18))/(14/567*-9).
3, 5, 593
Suppose 0 = 22*m + 3*m - 78050. What are the prime factors of m?
2, 7, 223
Let f = 6582 - 2893. List the prime factors of f.
7, 17, 31
List the prime factors of 2/(10/85)*359/1.
17, 359
Let t = 15951 + 2676. List the prime factors of t.
3, 7, 887
Let t = 157 + 180. Let p = t - 199. What are the prime factors of p?
2, 3, 23
Let a = 442 - 411. Let y(p) = p**2 - 19*p + 42. List the prime factors of y(a).
2, 3, 23
Let x(j) = -j**3 + 11*j**2 - 14*j + 8. Let v be x(10). List the prime factors of (v/(-22))/(-8) - 11193/(-33).
3, 113
Let j(a) = a**3 + a**2 + 2*a + 5. Let v be j(0). Suppose 2*o - 29 = -v*w, -2*w = 3*o - w - 11. Let q(t) = 97*t - 1. List the prime factors of q(o).
193
Suppose -17*a + 308597 = -329855. List the prime factors of a.
2, 41, 229
Suppose -6*t + 8150 + 4396 = 0. Suppose 0 = 2*z + 3*a - 1185, -4*z + t = 3*a - 288. List the prime factors of z.
3, 199
Let b(t) = 2*t**2 + 48*t + 61. Let g be b(-28). Let j = 126 + g. List the prime factors of j.
3, 137
Let i = -7636 + 29137. What are the prime factors of i?
3, 2389
Suppose a + 5*c = -23, 2*a = 6*c - 4*c + 14. Suppose 0 = -a*q + 4*z + 241 + 231, -704 = -3*q + 2*z. Suppose 58*h = 61*h - q. What are the prime factors of h?
2, 3, 13
Let r(x) = 2914*x - 419. What are the prime factors of r(3)?
7, 29, 41
What are the prime factors of (18351 - 5) + -18 + 2?
2, 3, 5, 13, 47
Suppose -5*m - 30*r + 48198 = -31*r, -4*m - 5*r + 38512 = 0. What are the prime factors of m?
2, 61, 79
Let l(a) = -a**3 - 16*a**2 + 16*a + 20. Let r be l(-12). List the prime factors of (-15)/(-2)*r/(-6).
5, 11, 17
Let k(v) = -153*v - 22. Let g = -154 - -150. What are the prime factors of k(g)?
2, 5, 59
Suppose 15*b + 25747 = 164005 + 443652. List the prime factors of b.
2, 7, 17, 163
Suppose 2*q - 37*q = -2310. Suppose -q - 144 = -x. What are the prime factors of x?
2, 3, 5, 7
Let n = -4813 + 10334. List the prime factors of n.
5521
Let b(f) = 2*f**3 - 15*f**2 - 2*f + 8. Let o be b(6). Let v = 186 + o. List the prime factors of v.
2, 37
Let r be 1/(-4) - (3201/12)/(-11). Suppose s = 4*s - r. Let g = s + 69. List the prime factors of g.
7, 11
Suppose 9*r = -2*p + 4*r + 489, 2*r + 1295 = 5*p. Suppose p - 33 = n. List the prime factors of n.
2, 7
Let o = -3098 - -1689. Let n = o - 610. What are the prime factors of 3 - (n/15 + (-4)/10)?
